{"id":16,"date":"2021-12-14T16:53:42","date_gmt":"2021-12-14T15:53:42","guid":{"rendered":"https:\/\/da-si.it\/giorgiocane\/?page_id=16"},"modified":"2022-03-14T14:23:15","modified_gmt":"2022-03-14T13:23:15","slug":"contatti","status":"publish","type":"page","link":"https:\/\/giorgiocane.it\/?page_id=16","title":{"rendered":"Contatti"},"content":{"rendered":"\n<iframe src=\"https:\/\/www.google.com\/maps\/embed?pb=!1m18!1m12!1m3!1d2834.7231830769692!2d8.300809815748778!3d44.72526079046359!2m3!1f0!2f0!3f0!3m2!1i1024!2i768!4f13.1!3m3!1m2!1s0x4787892d704928b1%3A0xcacf42bd0033f35!2sGIORGIO%20CANE!5e0!3m2!1sen!2sit!4v1639572140545!5m2!1sen!2sit\" width=\"1920\" height=\"600\" style=\"border:0;\" allowfullscreen=\"\" loading=\"lazy\"><\/iframe>\n\n\n\n<h3 class=\"has-white-color has-text-color wp-block-heading\">Contattaci<\/h3>\n\n\n\n<p class=\"has-white-color has-text-color\"><strong>Tel.<\/strong> 0141851264<\/p>\n\n\n\n<p class=\"has-white-color has-text-color\"><strong>Fax<\/strong> 0141851264<\/p>\n\n\n\n<p class=\"has-white-color has-text-color\"><strong>Cell<\/strong> 3356692978<\/p>\n\n\n\n<p class=\"has-white-color has-text-color\">Via Pierino Testore 34, 14053 Canelli (AT) ITALY<\/p>\n\n\n\n<h3 class=\"has-white-color has-text-color wp-block-heading\">Orari<\/h3>\n\n\n\n<p class=\"has-white-color has-text-color\"><strong>Luned\u00ec<\/strong>: dalle 08:00 alle 12:00 dalle 14:00 alle 18:00<\/p>\n\n\n\n<p class=\"has-white-color has-text-color\"><strong>Marted\u00ec<\/strong>: dalle 08:00 alle 12:00 dalle 14:00 alle 18:00 <\/p>\n\n\n\n<p class=\"has-white-color has-text-color\"><strong>Mercoled\u00ec<\/strong>: dalle 08:00 alle 12:00 dalle 14:00 alle 18:00 <\/p>\n\n\n\n<p class=\"has-white-color has-text-color\"><strong>Gioved\u00ec<\/strong>: dalle 08:00 alle 12:00 dalle 14:00 alle 18:00 <\/p>\n\n\n\n<p class=\"has-white-color has-text-color\"><strong>Venerd\u00ec<\/strong>: dalle 08:00 alle 12:00 dalle 14:00 alle 18:00 <\/p>\n\n\n\n<p class=\"has-white-color has-text-color\"><strong>Sabato<\/strong>: Chiuso<\/p>\n\n\n\n<p class=\"has-white-color has-text-color\"><strong>Domenica<\/strong>: Chiuso<\/p>\n\n\n\n<div class=\"wpcf7 no-js\" id=\"wpcf7-f61-o1\" lang=\"it-IT\" dir=\"ltr\" data-wpcf7-id=\"61\">\n<div class=\"screen-reader-response\"><p role=\"status\" aria-live=\"polite\" aria-atomic=\"true\"><\/p> <ul><\/ul><\/div>\n<form action=\"\/index.php?rest_route=%2Fwp%2Fv2%2Fpages%2F16#wpcf7-f61-o1\" method=\"post\" class=\"wpcf7-form init\" aria-label=\"Modulo di contatto\" novalidate=\"novalidate\" data-status=\"init\">\n<fieldset class=\"hidden-fields-container\"><input type=\"hidden\" name=\"_wpcf7\" value=\"61\" \/><input type=\"hidden\" name=\"_wpcf7_version\" value=\"6.1.5\" \/><input type=\"hidden\" name=\"_wpcf7_locale\" value=\"it_IT\" \/><input type=\"hidden\" name=\"_wpcf7_unit_tag\" value=\"wpcf7-f61-o1\" \/><input type=\"hidden\" name=\"_wpcf7_container_post\" value=\"0\" \/><input type=\"hidden\" name=\"_wpcf7_posted_data_hash\" value=\"\" \/><input type=\"hidden\" name=\"_wpcf7_recaptcha_response\" value=\"\" \/>\n<\/fieldset>\n<p><label> Il tuo nome<br \/>\n<span class=\"wpcf7-form-control-wrap\" data-name=\"your-name\"><input size=\"40\" maxlength=\"400\" class=\"wpcf7-form-control wpcf7-text wpcf7-validates-as-required\" aria-required=\"true\" aria-invalid=\"false\" value=\"\" type=\"text\" name=\"your-name\" \/><\/span> <\/label>\n<\/p>\n<p><label> La tua email<br \/>\n<span class=\"wpcf7-form-control-wrap\" data-name=\"your-email\"><input size=\"40\" maxlength=\"400\" class=\"wpcf7-form-control wpcf7-email wpcf7-validates-as-required wpcf7-text wpcf7-validates-as-email\" aria-required=\"true\" aria-invalid=\"false\" value=\"\" type=\"email\" name=\"your-email\" \/><\/span> <\/label>\n<\/p>\n<p><label> Oggetto<br \/>\n<span class=\"wpcf7-form-control-wrap\" data-name=\"your-subject\"><input size=\"40\" maxlength=\"400\" class=\"wpcf7-form-control wpcf7-text wpcf7-validates-as-required\" aria-required=\"true\" aria-invalid=\"false\" value=\"\" type=\"text\" name=\"your-subject\" \/><\/span> <\/label>\n<\/p>\n<p><label> Il tuo messaggio (facoltativo)<br \/>\n<span class=\"wpcf7-form-control-wrap\" data-name=\"your-message\"><textarea cols=\"40\" rows=\"10\" maxlength=\"2000\" class=\"wpcf7-form-control wpcf7-textarea\" aria-invalid=\"false\" name=\"your-message\"><\/textarea><\/span> <\/label>\n<\/p>\n<p><input class=\"wpcf7-form-control wpcf7-submit has-spinner\" type=\"submit\" value=\"Invia\" \/>\n<\/p><div class=\"wpcf7-response-output\" aria-hidden=\"true\"><\/div>\n<\/form>\n<\/div>\n","protected":false},"excerpt":{"rendered":"<p>Contattaci Tel. 0141851264 Fax 0141851264 Cell 3356692978 Via Pierino Testore 34, 14053 Canelli (AT) ITALY Orari Luned\u00ec: dalle 08:00 alle 12:00 dalle 14:00 alle 18:00 Marted\u00ec: dalle 08:00 alle 12:00 dalle 14:00 alle 18:00 Mercoled\u00ec: dalle 08:00 alle 12:00 dalle 14:00 alle 18:00 Gioved\u00ec: dalle 08:00 alle 12:00 dalle 14:00 alle 18:00 Venerd\u00ec: dalle 08:00 [&hellip;]<\/p>\n","protected":false},"author":1,"featured_media":0,"parent":0,"menu_order":0,"comment_status":"closed","ping_status":"closed","template":"","meta":{"footnotes":""},"class_list":["post-16","page","type-page","status-publish","hentry"],"_links":{"self":[{"href":"https:\/\/giorgiocane.it\/index.php?rest_route=\/wp\/v2\/pages\/16","targetHints":{"allow":["GET"]}}],"collection":[{"href":"https:\/\/giorgiocane.it\/index.php?rest_route=\/wp\/v2\/pages"}],"about":[{"href":"https:\/\/giorgiocane.it\/index.php?rest_route=\/wp\/v2\/types\/page"}],"author":[{"embeddable":true,"href":"https:\/\/giorgiocane.it\/index.php?rest_route=\/wp\/v2\/users\/1"}],"replies":[{"embeddable":true,"href":"https:\/\/giorgiocane.it\/index.php?rest_route=%2Fwp%2Fv2%2Fcomments&post=16"}],"version-history":[{"count":13,"href":"https:\/\/giorgiocane.it\/index.php?rest_route=\/wp\/v2\/pages\/16\/revisions"}],"predecessor-version":[{"id":303,"href":"https:\/\/giorgiocane.it\/index.php?rest_route=\/wp\/v2\/pages\/16\/revisions\/303"}],"wp:attachment":[{"href":"https:\/\/giorgiocane.it\/index.php?rest_route=%2Fwp%2Fv2%2Fmedia&parent=16"}],"curies":[{"name":"wp","href":"https:\/\/api.w.org\/{rel}","templated":true}]}}